{"id":6250,"date":"2024-01-15T09:29:27","date_gmt":"2024-01-15T14:29:27","guid":{"rendered":"https:\/\/feltkutur.com\/acoustique-grands-espaces\/"},"modified":"2025-12-04T11:42:27","modified_gmt":"2025-12-04T16:42:27","slug":"acoustique-grands-espaces","status":"publish","type":"page","link":"https:\/\/feltkutur.com\/fr\/acoustique-grands-espaces\/","title":{"rendered":"Acoustique grands espaces"},"content":{"rendered":"\n\n\tR\u00e9duisez les probl\u00e8mes de bruit dans les grands espaces ouverts gr\u00e2ce au <br \/>\nTekboard Quadra de Feltk\u00fctur\n\t<p><strong>Le d\u00e9fi<\/strong><\/p>\nLes environnements \u00e0 aire ouverte avec de hauts plafonds sont souvent confront\u00e9s \u00e0 un m\u00eame d\u00e9fi : <strong data-start=\"242\" data-end=\"273\">une r\u00e9verb\u00e9ration excessive<\/strong>. Les surfaces dures, les grandes distances entre les murs et l&#8217;absence de mat\u00e9riaux absorbants cr\u00e9ent des \u00e9chos persistants qui rendent les conversations difficiles, augmentent le niveau de stress et diminuent le confort global &#8211; que ce soit dans les bureaux, les restaurants, les espaces institutionnels ou les halls d&#8217;entr\u00e9e.\n\t<p><strong>La solution: Le syst\u00e8me de plafonniers acoustiques Tekboard Quadra<\/strong><\/p>\n<p>Le syst\u00e8me de plafonniers (baffles) acoustiques\u00a0<a href=\"https:\/\/feltkutur.com\/fr\/plafonniers-acoustiques-quadra\/\"><strong>Tekboard Quadra<\/strong><\/a> repr\u00e9sente une avanc\u00e9e significative dans le domaine de la gestion acoustique, offrant une performance acoustique exceptionnelle pour r\u00e9pondre aux besoins les plus exigeants des espaces ouverts avec hauts plafonds. <\/p>\n<p>Avec ses caract\u00e9ristiques remarquables, le\u00a0<a href=\"https:\/\/feltkutur.com\/fr\/plafonniers-acoustiques-quadra\/\"><strong>Tekboard Quadra<\/strong><\/a>\u00a0s&#8217;impose comme un alli\u00e9 essentiel pour att\u00e9nuer les probl\u00e8mes de bruit, favoriser la communication efficace et am\u00e9liorer l&#8217;environnement de travail.<!--more--><\/p>\nLa principale force du\u00a0<a href=\"https:\/\/feltkutur.com\/fr\/plafonniers-acoustiques-quadra\/\" id=\"yui_3_18_1_1_1764865916940_1308\"><strong>Tekboard Quadra<\/strong>\u00a0<\/a>r\u00e9side dans sa capacit\u00e9 \u00e0 absorber les ondes sonores et \u00e0 r\u00e9duire la r\u00e9verb\u00e9ration au sein d&#8217;une pi\u00e8ce. Sa performance acoustique exceptionnelle contribue \u00e0 cr\u00e9er un espace plus propice \u00e0 la concentration, \u00e0 la collaboration et \u00e0 la productivit\u00e9. Les employ\u00e9s peuvent ainsi \u00e9changer et prendre des d\u00e9cisions de fa\u00e7on plus efficace puisque les distractions sonores qui peuvent \u00eatre pr\u00e9judiciables \u00e0 la qualit\u00e9 du travail sont \u00e9limin\u00e9es\n\t<p>La polyvalence du\u00a0<a href=\"https:\/\/feltkutur.com\/fr\/plafonniers-acoustiques-quadra\/\"><strong>Tekboard Quadra<\/strong><\/a>\u00a0se manifeste \u00e9galement par sa capacit\u00e9 \u00e0 proposer diverses configurations. Sa conception carr\u00e9e et lin\u00e9aire offre une grande flexibilit\u00e9 en termes de configuration visuelle. Lorsqu&#8217;il est suspendu au plafond, le Tekboard Quadra peut \u00eatre ajust\u00e9 pour r\u00e9pondre aux exigences sp\u00e9cifiques de chaque environnement.<\/p>\n<p>Nous avons con\u00e7u une solution acoustique sur mesure qui s&#8217;int\u00e8gre parfaitement au d\u00e9cor existant. En combinant performances techniques et design raffin\u00e9, notre plafonnier permet:<\/p>\n<ul>\n<li>\n<p>De r\u00e9duire efficacement la r\u00e9verb\u00e9ration dans la salle \u00e0 manger principale ;<\/p>\n<\/li>\n<li>\n<p>De cr\u00e9er une atmosph\u00e8re plus douce et plus intime qui favorise la conversation et la d\u00e9tente ;<\/p>\n<\/li>\n<li>\n<p>De pr\u00e9server l&#8217;esth\u00e9tique du lieu, gr\u00e2ce \u00e0 des panneaux acoustiques qui s&#8217;int\u00e8grent naturellement au design int\u00e9rieur.<\/p>\n<\/li>\n<\/ul>\n<p>Nos produits ont \u00e9t\u00e9 choisis non seulement pour leurs performances acoustiques, mais aussi pour leur durabilit\u00e9, leur facilit\u00e9 d&#8217;entretien et leur <strong>fabrication de haute qualit\u00e9 au Qu\u00e9bec, au Canada<\/strong>.<\/p>\n<br \/>\n<strong>Vous avez besoin d&#8217;aide pour insonoriser un espace ouvert? Nous pouvons vous aider.<\/strong>\n<p><a href=\"https:\/\/feltkutur.com\/fr\/contactez-nous\/\" target=\"_blank\" rel=\"noopener\">contactEZ-NOUS!<\/a><\/p>\n\n","protected":false},"excerpt":{"rendered":"<p>R\u00e9duisez les probl\u00e8mes de bruit dans les grands espaces ouverts gr\u00e2ce au Tekboard Quadra de Feltk\u00fctur Le d\u00e9fi Les environnements \u00e0 aire ouverte avec de hauts plafonds sont souvent confront\u00e9s \u00e0 un m\u00eame d\u00e9fi : une r\u00e9verb\u00e9ration excessive. Les surfaces dures, les grandes distances entre les murs et l&#8217;absence de mat\u00e9riaux absorbants cr\u00e9ent des \u00e9chos [&#8230;]<\/p>\n<p><a class=\"btn btn-secondary understrap-read-more-link\" href=\"https:\/\/feltkutur.com\/fr\/acoustique-grands-espaces\/\">Read More&#8230;<\/a><\/p>\n","protected":false},"author":1,"featured_media":0,"parent":0,"menu_order":0,"comment_status":"closed","ping_status":"closed","template":"","meta":{"_seopress_robots_primary_cat":"","_seopress_titles_title":"","_seopress_titles_desc":"","_seopress_robots_index":"","footnotes":""},"class_list":["post-6250","page","type-page","status-publish"],"_links":{"self":[{"href":"https:\/\/feltkutur.com\/fr\/wp-json\/wp\/v2\/pages\/6250","targetHints":{"allow":["GET"]}}],"collection":[{"href":"https:\/\/feltkutur.com\/fr\/wp-json\/wp\/v2\/pages"}],"about":[{"href":"https:\/\/feltkutur.com\/fr\/wp-json\/wp\/v2\/types\/page"}],"author":[{"embeddable":true,"href":"https:\/\/feltkutur.com\/fr\/wp-json\/wp\/v2\/users\/1"}],"replies":[{"embeddable":true,"href":"https:\/\/feltkutur.com\/fr\/wp-json\/wp\/v2\/comments?post=6250"}],"version-history":[{"count":0,"href":"https:\/\/feltkutur.com\/fr\/wp-json\/wp\/v2\/pages\/6250\/revisions"}],"wp:attachment":[{"href":"https:\/\/feltkutur.com\/fr\/wp-json\/wp\/v2\/media?parent=6250"}],"curies":[{"name":"wp","href":"https:\/\/api.w.org\/{rel}","templated":true}]}}

Réduisez les problèmes de bruit dans les grands espaces ouverts grâce au <br />
Tekboard Quadra de Feltkütur
	<p><strong>Le défi</strong></p>
Les environnements à aire ouverte avec de hauts plafonds sont souvent confrontés à un même défi : <strong data-start="242" data-end="273">une réverbération excessive</strong>. Les surfaces dures, les grandes distances entre les murs et l&#8217;absence de matériaux absorbants créent des échos persistants qui rendent les conversations difficiles, augmentent le niveau de stress et diminuent le confort global &#8211; que ce soit dans les bureaux, les restaurants, les espaces institutionnels ou les halls d&#8217;entrée.
	<p><strong>La solution: Le système de plafonniers acoustiques Tekboard Quadra</strong></p>
<p>Le système de plafonniers (baffles) acoustiques <a href="https://feltkutur.com/fr/plafonniers-acoustiques-quadra/"><strong>Tekboard Quadra</strong></a> représente une avancée significative dans le domaine de la gestion acoustique, offrant une performance acoustique exceptionnelle pour répondre aux besoins les plus exigeants des espaces ouverts avec hauts plafonds. </p>
<p>Avec ses caractéristiques remarquables, le <a href="https://feltkutur.com/fr/plafonniers-acoustiques-quadra/"><strong>Tekboard Quadra</strong></a> s&#8217;impose comme un allié essentiel pour atténuer les problèmes de bruit, favoriser la communication efficace et améliorer l&#8217;environnement de travail.<!--more--></p>
La principale force du <a href="https://feltkutur.com/fr/plafonniers-acoustiques-quadra/" id="yui_3_18_1_1_1764865916940_1308"><strong>Tekboard Quadra</strong> </a>réside dans sa capacité à absorber les ondes sonores et à réduire la réverbération au sein d&#8217;une pièce. Sa performance acoustique exceptionnelle contribue à créer un espace plus propice à la concentration, à la collaboration et à la productivité. Les employés peuvent ainsi échanger et prendre des décisions de façon plus efficace puisque les distractions sonores qui peuvent être préjudiciables à la qualité du travail sont éliminées
	<p>La polyvalence du <a href="https://feltkutur.com/fr/plafonniers-acoustiques-quadra/"><strong>Tekboard Quadra</strong></a> se manifeste également par sa capacité à proposer diverses configurations. Sa conception carrée et linéaire offre une grande flexibilité en termes de configuration visuelle. Lorsqu&#8217;il est suspendu au plafond, le Tekboard Quadra peut être ajusté pour répondre aux exigences spécifiques de chaque environnement.</p>
<p>Nous avons conçu une solution acoustique sur mesure qui s&#8217;intègre parfaitement au décor existant. En combinant performances techniques et design raffiné, notre plafonnier permet:</p>
<ul>
<li>
<p>De réduire efficacement la réverbération dans la salle à manger principale ;</p>
</li>
<li>
<p>De créer une atmosphère plus douce et plus intime qui favorise la conversation et la détente ;</p>
</li>
<li>
<p>De préserver l&#8217;esthétique du lieu, grâce à des panneaux acoustiques qui s&#8217;intègrent naturellement au design intérieur.</p>
</li>
</ul>
<p>Nos produits ont été choisis non seulement pour leurs performances acoustiques, mais aussi pour leur durabilité, leur facilité d&#8217;entretien et leur <strong>fabrication de haute qualité au Québec, au Canada</strong>.</p>
<br />
<strong>Vous avez besoin d&#8217;aide pour insonoriser un espace ouvert? Nous pouvons vous aider.</strong>
<p><a href="https://feltkutur.com/fr/contactez-nous/" target="_blank" rel="noopener">contactEZ-NOUS!</a></p>

<p>Réduisez les problèmes de bruit dans les grands espaces ouverts grâce au Tekboard Quadra de Feltkütur Le défi Les environnements à aire ouverte avec de hauts plafonds sont souvent confrontés à un même défi : une réverbération excessive. Les surfaces dures, les grandes distances entre les murs et l&#8217;absence de matériaux absorbants créent des échos [&#8230;]</p>
<p><a class="btn btn-secondary understrap-read-more-link" href="https://feltkutur.com/fr/acoustique-grands-espaces/">Read More&#8230;</a></p>
